{"id":210,"date":"2023-11-23T11:10:12","date_gmt":"2023-11-23T10:10:12","guid":{"rendered":"https:\/\/vernizy.fr\/?page_id=210"},"modified":"2023-11-24T13:55:09","modified_gmt":"2023-11-24T12:55:09","slug":"la-buanderie-chaufferie","status":"publish","type":"page","link":"https:\/\/vernizy.fr\/?page_id=210","title":{"rendered":"La buanderie\/ la chaufferie"},"content":{"rendered":"\n<figure class=\"wp-block-image size-full\"><img loading=\"lazy\" decoding=\"async\" width=\"533\" height=\"690\" src=\"https:\/\/vernizy.fr\/wp-content\/uploads\/2023\/11\/Buanderie-4.jpg\" alt=\"\" class=\"wp-image-219\" srcset=\"https:\/\/vernizy.fr\/wp-content\/uploads\/2023\/11\/Buanderie-4.jpg 533w, https:\/\/vernizy.fr\/wp-content\/uploads\/2023\/11\/Buanderie-4-232x300.jpg 232w\" sizes=\"(max-width: 533px) 100vw, 533px\" \/><\/figure>\n\n\n\n<p><a href=\"https:\/\/photos.app.goo.gl\/kAnr1zHBfgN8gJ1e7\" target=\"_blank\" rel=\"noreferrer noopener\">4 (fin 2020) : dalle silo \u00e0 granul\u00e9s<\/a><\/p>\n\n\n\n<p><a href=\"https:\/\/photos.app.goo.gl\/WJbJqbwSzECCe9rY8\" target=\"_blank\" rel=\"noreferrer noopener\">3 (2020) : d\u00e9pose et ma\u00e7onnerie porte-fen\u00eatre, cuve<\/a><\/p>\n\n\n\n<p><strong><\/strong><a href=\"https:\/\/photos.app.goo.gl\/MFDVhGEzCVpLLckRA\" target=\"_blank\" rel=\"noreferrer noopener\">2 (2019-2020) : pose de plancher \u00e0 l&rsquo;\u00e9tage<\/a><a href=\"https:\/\/photos.app.goo.gl\/PkuCoJou5CWDNaPa7\" target=\"_blank\" rel=\"noreferrer noopener\"><\/a><br><br><strong><\/strong><a href=\"https:\/\/photos.app.goo.gl\/PkuCoJou5CWDNaPa7\" target=\"_blank\" rel=\"noreferrer noopener\">1 (2018-2019): d\u00e9molition des cloisons, plafond, tranch\u00e9e mur porteur<\/a><\/p>\n","protected":false},"excerpt":{"rendered":"<p>4 (fin 2020) : dalle silo \u00e0 granul\u00e9s 3 (2020) : d\u00e9pose et ma\u00e7onnerie porte-fen\u00eatre, cuve 2 (2019-2020) : pose de plancher \u00e0 l&rsquo;\u00e9tage 1 (2018-2019): d\u00e9molition des cloisons, plafond, tranch\u00e9e mur porteur<\/p>\n","protected":false},"author":1,"featured_media":218,"parent":157,"menu_order":0,"comment_status":"closed","ping_status":"closed","template":"","meta":{"_monsterinsights_skip_tracking":false,"_monsterinsights_sitenote_active":false,"_monsterinsights_sitenote_note":"","_monsterinsights_sitenote_category":0,"footnotes":""},"_links":{"self":[{"href":"https:\/\/vernizy.fr\/index.php?rest_route=\/wp\/v2\/pages\/210"}],"collection":[{"href":"https:\/\/vernizy.fr\/index.php?rest_route=\/wp\/v2\/pages"}],"about":[{"href":"https:\/\/vernizy.fr\/index.php?rest_route=\/wp\/v2\/types\/page"}],"author":[{"embeddable":true,"href":"https:\/\/vernizy.fr\/index.php?rest_route=\/wp\/v2\/users\/1"}],"replies":[{"embeddable":true,"href":"https:\/\/vernizy.fr\/index.php?rest_route=%2Fwp%2Fv2%2Fcomments&post=210"}],"version-history":[{"count":5,"href":"https:\/\/vernizy.fr\/index.php?rest_route=\/wp\/v2\/pages\/210\/revisions"}],"predecessor-version":[{"id":480,"href":"https:\/\/vernizy.fr\/index.php?rest_route=\/wp\/v2\/pages\/210\/revisions\/480"}],"up":[{"embeddable":true,"href":"https:\/\/vernizy.fr\/index.php?rest_route=\/wp\/v2\/pages\/157"}],"wp:featuredmedia":[{"embeddable":true,"href":"https:\/\/vernizy.fr\/index.php?rest_route=\/wp\/v2\/media\/218"}],"wp:attachment":[{"href":"https:\/\/vernizy.fr\/index.php?rest_route=%2Fwp%2Fv2%2Fmedia&parent=210"}],"curies":[{"name":"wp","href":"https:\/\/api.w.org\/{rel}","templated":true}]}}