{"id":327,"date":"2023-11-24T10:01:39","date_gmt":"2023-11-24T09:01:39","guid":{"rendered":"https:\/\/vernizy.fr\/?page_id=327"},"modified":"2023-11-24T10:28:37","modified_gmt":"2023-11-24T09:28:37","slug":"les-news-4-aout-2019-le-chantier-continue","status":"publish","type":"page","link":"https:\/\/vernizy.fr\/?page_id=327","title":{"rendered":"Les news 4 : Ao\u00fbt 2019 : le chantier continue"},"content":{"rendered":"\n<figure class=\"wp-block-image size-large\"><img loading=\"lazy\" decoding=\"async\" width=\"1024\" height=\"576\" src=\"https:\/\/vernizy.fr\/wp-content\/uploads\/2023\/11\/intro_08_2019-1024x576.jpg\" alt=\"\" class=\"wp-image-328\" srcset=\"https:\/\/vernizy.fr\/wp-content\/uploads\/2023\/11\/intro_08_2019-1024x576.jpg 1024w, https:\/\/vernizy.fr\/wp-content\/uploads\/2023\/11\/intro_08_2019-300x169.jpg 300w, https:\/\/vernizy.fr\/wp-content\/uploads\/2023\/11\/intro_08_2019-768x432.jpg 768w, https:\/\/vernizy.fr\/wp-content\/uploads\/2023\/11\/intro_08_2019-1536x864.jpg 1536w, https:\/\/vernizy.fr\/wp-content\/uploads\/2023\/11\/intro_08_2019-2048x1152.jpg 2048w, https:\/\/vernizy.fr\/wp-content\/uploads\/2023\/11\/intro_08_2019-600x338.jpg 600w\" sizes=\"(max-width: 1024px) 100vw, 1024px\" \/><\/figure>\n\n\n\n<p>D\u00e9j\u00e0 7 mois depuis la derni\u00e8re mise \u00e0 jour&#8230;..le temps file&#8230;&#8230;..<\/p>\n\n\n\n<p>Les ma\u00e7ons ont commenc\u00e9 d\u00e9but F\u00e9vrier pour finir&#8230;..fin Mai !<\/p>\n\n\n\n<p>Entre Mars, Avril et Mai, il a fallu jongler et organiser en plus&nbsp;les interventions du couvreur et celui du poseur de fen\u00eatres :&nbsp; 3 entreprises aux calendriers et fonctionnement bien diff\u00e9rents&#8230;..pas facile facile&#8230;..mais bon, entre personnes intelligentes et de bonne volont\u00e9, on peut tout faire&#8230;<\/p>\n\n\n\n<p>Depuis le coulage des dallages de janvier, voici donc les points qui ont avanc\u00e9 :<\/p>\n\n\n\n<p>a) Ma\u00e7onnerie :<br>Le point le plus important puisqu&rsquo;il a consist\u00e9 en :<br>&#8211; la reprise de 10 tableaux de fen\u00eatre (ajustements)&nbsp;<br>&#8211;&nbsp;la cr\u00e9ation \/ modification&nbsp;de 11 baies ext\u00e9rieures<br>&#8211; la cr\u00e9ation \/ modification de &nbsp; 9 baies&nbsp;int\u00e9rieures&#8230;<\/p>\n\n\n\n<p>Donc des p&rsquo;tits trous, des gros trous et quelques tonnes de pierre&#8230;<br>Une \u00e9quipe de ma\u00e7ons tr\u00e8s pro mais qui a du composer avec les interventions des autres artisans tout en g\u00e9rant aussi d&rsquo;autres chantiers&#8230;.donc 4 mois de pr\u00e9sence sur le chantier<br>==> r\u00e9alis\u00e9e par entreprise COUTO NOE &#8211;\u00a0\u00a0Mouillargues, 71600 Paray-le-Monial<\/p>\n\n\n\n<figure class=\"wp-block-image size-large\"><img loading=\"lazy\" decoding=\"async\" width=\"1024\" height=\"768\" src=\"https:\/\/vernizy.fr\/wp-content\/uploads\/2023\/11\/multimacon-1024x768.jpg\" alt=\"\" class=\"wp-image-329\" srcset=\"https:\/\/vernizy.fr\/wp-content\/uploads\/2023\/11\/multimacon-1024x768.jpg 1024w, https:\/\/vernizy.fr\/wp-content\/uploads\/2023\/11\/multimacon-300x225.jpg 300w, https:\/\/vernizy.fr\/wp-content\/uploads\/2023\/11\/multimacon-768x576.jpg 768w, https:\/\/vernizy.fr\/wp-content\/uploads\/2023\/11\/multimacon-1536x1152.jpg 1536w, https:\/\/vernizy.fr\/wp-content\/uploads\/2023\/11\/multimacon-2048x1536.jpg 2048w, https:\/\/vernizy.fr\/wp-content\/uploads\/2023\/11\/multimacon-600x450.jpg 600w\" sizes=\"(max-width: 1024px) 100vw, 1024px\" \/><\/figure>\n\n\n\n<p>b) Charpente \/ couverture \/ zinguerie :<br>Reprise de toiture + abergement de la t\u00eate de chemin\u00e9e sur le bat\u00eement central<br>D\u00e9pose de charpente + nouvelle charpente + couverture sur les parties lat\u00e9rales<br>Changement de toute la zinguerie<br>3 semaines et 1\/2 de travail par 4 \u00e0 5 ouvriers<br>==> r\u00e9alis\u00e9e par entreprise LANOIZELET \/ ROSIER &#8211;\u00a01 Rue des Rompois, 71450 Blanzy<\/p>\n\n\n\n<figure class=\"wp-block-image size-large\"><img loading=\"lazy\" decoding=\"async\" width=\"1024\" height=\"576\" src=\"https:\/\/vernizy.fr\/wp-content\/uploads\/2023\/11\/multi_toitures-1024x576.jpg\" alt=\"\" class=\"wp-image-330\" srcset=\"https:\/\/vernizy.fr\/wp-content\/uploads\/2023\/11\/multi_toitures-1024x576.jpg 1024w, https:\/\/vernizy.fr\/wp-content\/uploads\/2023\/11\/multi_toitures-300x169.jpg 300w, https:\/\/vernizy.fr\/wp-content\/uploads\/2023\/11\/multi_toitures-768x432.jpg 768w, https:\/\/vernizy.fr\/wp-content\/uploads\/2023\/11\/multi_toitures-1536x864.jpg 1536w, https:\/\/vernizy.fr\/wp-content\/uploads\/2023\/11\/multi_toitures-2048x1152.jpg 2048w, https:\/\/vernizy.fr\/wp-content\/uploads\/2023\/11\/multi_toitures-600x338.jpg 600w\" sizes=\"(max-width: 1024px) 100vw, 1024px\" \/><\/figure>\n\n\n\n<p>c) Les huisseries :<br>Pose des 22 fen\u00eatres et portes PVC sur mesure<br>1 semaine et 1\/2 de travail \u00e0 2<br>==> r\u00e9alis\u00e9e par l&rsquo;entreprise PRIOR \u00a0&#8211;\u00a09003 Avenue Mar\u00e9chal Leclerc, 71300 Montceau-les-Mines<\/p>\n\n\n\n<figure class=\"wp-block-image size-large\"><img loading=\"lazy\" decoding=\"async\" width=\"1024\" height=\"576\" src=\"https:\/\/vernizy.fr\/wp-content\/uploads\/2023\/11\/fenetres-1024x576.jpg\" alt=\"\" class=\"wp-image-331\" srcset=\"https:\/\/vernizy.fr\/wp-content\/uploads\/2023\/11\/fenetres-1024x576.jpg 1024w, https:\/\/vernizy.fr\/wp-content\/uploads\/2023\/11\/fenetres-300x169.jpg 300w, https:\/\/vernizy.fr\/wp-content\/uploads\/2023\/11\/fenetres-768x432.jpg 768w, https:\/\/vernizy.fr\/wp-content\/uploads\/2023\/11\/fenetres-1536x864.jpg 1536w, https:\/\/vernizy.fr\/wp-content\/uploads\/2023\/11\/fenetres-2048x1152.jpg 2048w, https:\/\/vernizy.fr\/wp-content\/uploads\/2023\/11\/fenetres-600x338.jpg 600w\" sizes=\"(max-width: 1024px) 100vw, 1024px\" \/><\/figure>\n\n\n\n<p>d) Et 4\u00e8me gros poste de travail : &nbsp;les petites \u00ab\u00a0broutilles\u00a0\u00bb :<\/p>\n\n\n\n<p>&#8211; gestion des tonnes de gravats pour r\u00e9aliser le chemin d&rsquo;acc\u00e8s vers la porte d&rsquo;entr\u00e9e<\/p>\n\n\n\n<p>&#8211; abattage du bouleau malheureusement positionn\u00e9 en pein milieu du futur chemin d&rsquo;acc\u00e8s<\/p>\n\n\n\n<p>&#8211; d\u00e9pose du placo et cloison dans la circulation au premier \u00e9tage<\/p>\n\n\n\n<p>&#8211; gestion des diverses poutres provenant de la d\u00e9pose des charpentes (d\u00e9montage et stockage dans le hangar)<\/p>\n\n\n\n<p>&#8211; la cr\u00e9ation d&rsquo;un atelier pour entreposer les divers outils (auparavant entrepos\u00e9s dans la future buanderie) et le frigo<\/p>\n\n\n\n<p>&#8211; d\u00e9pose du placo de la future buanderie (murs et plafond)<\/p>\n\n\n\n<p>&#8211; d\u00e9pose du solivage du plafond de la future buanderie<\/p>\n\n\n\n<p>&#8211; abattage de la cloison existante dans la future buanderie<\/p>\n\n\n\n<p>&#8211; installation de la balan\u00e7oire<\/p>\n\n\n\n<p>&#8211; couper, s\u00e9cher et ramasser pas mal de foin pour cet hiver<\/p>\n\n\n\n<p>&#8211; nettoyage et remise en fonctionnement de&nbsp;la piscine<\/p>\n\n\n\n<p>&#8211; abattre le mur ceinturant la cuve \u00e0 mazout<\/p>\n\n\n\n<p>&#8211; creuser des fondations pour le&nbsp;mur porteur dans la futur buanderie<\/p>\n\n\n\n<p>&#8211; rebouchage des trous pr\u00e9sents dans les murs de la suite parentale<\/p>\n\n\n\n<p>&#8211; montage\/finition des restes du four \u00e0 pain&nbsp;<em><\/em><em>(conserv\u00e9 pour d\u00e9co dans la future cuisine)<br><br><\/em>&#8211; enduit sur murs Est et Ouest de la cuisine<\/p>\n\n\n\n<p>&#8211; d\u00e9pose de l&rsquo;enduit sur mur Est du s\u00e9jour autour de la chemin\u00e9e pour faire appara\u00eetre les pierres<\/p>\n\n\n\n<p>&#8211; nettoyage des pierres et des joints<\/p>\n\n\n\n<p>&#8211; nettoyage et reprise du mur Ouest du salon (tr\u00e8s abim\u00e9 et l\u00e9zard\u00e9&#8230;)<\/p>\n\n\n\n<p>&#8211; nettoyage de la chemin\u00e9e du salon (foyer)<\/p>\n\n\n\n<p>&#8211; reprise des joints des murs du salon<\/p>\n\n\n\n<p>&#8211; consolidation du mur Sud du salon<\/p>\n\n\n\n<p>Voil\u00e0 voil\u00e0&#8230;&#8230;plein de petites choses qui prennent du temps, qui ne se voient pas forc\u00e9ment&#8230;mais qui sont indispensables \u00e0 faire&#8230;..\u00e0 d\u00e9couvrir en photos dans les nouveaux albums&#8230;<\/p>\n\n\n\n<p>Et puis aussi beaucoup de r\u00e9flexions&#8230;&#8230;&#8230;.<\/p>\n\n\n\n<p>&#8211; le changement des charpente au-dessus de la suite parentale et de la buanderie a permis de d\u00e9gager un grand volume sous la toiture; volume qui nous semble indispensable d&rsquo;am\u00e9nager. Donc nous avons revu l&rsquo;organisation de ces 2 points (une petite pi\u00e8ce sera am\u00e9nag\u00e9e au-dessus de la chambre parentale avec un escalier dans le dressing et la douche\/WC de la chambre de Philippine sera au-dessus de la buanderie avec un espace \u00ab\u00a0grenier\u00a0\u00bb) ainsi que l&rsquo;am\u00e9nagement du 1er \u00e9tage (la chambre d&rsquo;amis pr\u00e9vue initialement semblait bien trop petite pour accueillir un espace douche\/WC&#8230;.nous avons alors choisi de cr\u00e9er cette chambre d&rsquo;amis en prenant ce qui devait \u00eatre le bureau plus un espace sur le pallier pour cr\u00e9er un espace douche\/WC&#8230;ainsi le 1er \u00e9tage sera constitu\u00e9 d&rsquo;un grand pallier et de 3 chambres toutes \u00e9quip\u00e9es de douche\/WC).<\/p>\n\n\n\n<figure class=\"wp-block-image size-large\"><img loading=\"lazy\" decoding=\"async\" width=\"1024\" height=\"540\" src=\"https:\/\/vernizy.fr\/wp-content\/uploads\/2023\/11\/plan1etage_pieces-1024x540.jpg\" alt=\"\" class=\"wp-image-332\" srcset=\"https:\/\/vernizy.fr\/wp-content\/uploads\/2023\/11\/plan1etage_pieces-1024x540.jpg 1024w, https:\/\/vernizy.fr\/wp-content\/uploads\/2023\/11\/plan1etage_pieces-300x158.jpg 300w, https:\/\/vernizy.fr\/wp-content\/uploads\/2023\/11\/plan1etage_pieces-768x405.jpg 768w, https:\/\/vernizy.fr\/wp-content\/uploads\/2023\/11\/plan1etage_pieces-600x316.jpg 600w, https:\/\/vernizy.fr\/wp-content\/uploads\/2023\/11\/plan1etage_pieces.jpg 1275w\" sizes=\"(max-width: 1024px) 100vw, 1024px\" \/><\/figure>\n\n\n\n<p>&#8211; beaucoup de temps pass\u00e9 \u00e0 r\u00e9aliser aussi le sch\u00e9ma d&rsquo;implantation de l&rsquo;\u00e9lectricit\u00e9&#8230;.interrupteurs, points de lumi\u00e8res, les prises \u00e9lectriques&#8230;..le r\u00e9seau internet&#8230;etc&#8230;..bref des kilom\u00e8tres de c\u00e2bles \u00e0 installer prochainement&#8230;.<\/p>\n\n\n\n<figure class=\"wp-block-image size-full\"><img loading=\"lazy\" decoding=\"async\" width=\"844\" height=\"595\" src=\"https:\/\/vernizy.fr\/wp-content\/uploads\/2023\/11\/elec.jpg\" alt=\"\" class=\"wp-image-333\" srcset=\"https:\/\/vernizy.fr\/wp-content\/uploads\/2023\/11\/elec.jpg 844w, https:\/\/vernizy.fr\/wp-content\/uploads\/2023\/11\/elec-300x211.jpg 300w, https:\/\/vernizy.fr\/wp-content\/uploads\/2023\/11\/elec-768x541.jpg 768w, https:\/\/vernizy.fr\/wp-content\/uploads\/2023\/11\/elec-600x423.jpg 600w\" sizes=\"(max-width: 844px) 100vw, 844px\" \/><\/figure>\n\n\n\n<p>\u00a0Et puis comme l&rsquo;ann\u00e9e derni\u00e8re, nous n&rsquo;avons pas manqu\u00e9 de profiter du beau temps pour pique-niquer, se baigner, r\u00e9colter les fruits et l\u00e9gumes du jardin&#8230;.en observant la nature vivre \u00e0 nos c\u00f4t\u00e9s&#8230;..<\/p>\n\n\n\n<figure class=\"wp-block-image size-large\"><img loading=\"lazy\" decoding=\"async\" width=\"1024\" height=\"576\" src=\"https:\/\/vernizy.fr\/wp-content\/uploads\/2023\/11\/08_2019-1024x576.jpg\" alt=\"\" class=\"wp-image-334\" srcset=\"https:\/\/vernizy.fr\/wp-content\/uploads\/2023\/11\/08_2019-1024x576.jpg 1024w, https:\/\/vernizy.fr\/wp-content\/uploads\/2023\/11\/08_2019-300x169.jpg 300w, https:\/\/vernizy.fr\/wp-content\/uploads\/2023\/11\/08_2019-768x432.jpg 768w, https:\/\/vernizy.fr\/wp-content\/uploads\/2023\/11\/08_2019-1536x864.jpg 1536w, https:\/\/vernizy.fr\/wp-content\/uploads\/2023\/11\/08_2019-2048x1152.jpg 2048w, https:\/\/vernizy.fr\/wp-content\/uploads\/2023\/11\/08_2019-600x338.jpg 600w\" sizes=\"(max-width: 1024px) 100vw, 1024px\" \/><\/figure>\n\n\n\n<p>Bon diaporamas et \u00e0 bient\u00f4t&#8230;&#8230;&#8230;&#8230;..<br>&nbsp; &nbsp; &nbsp; &nbsp; &nbsp; &nbsp; &nbsp; &nbsp; &nbsp; &nbsp; &nbsp; &nbsp; &nbsp; &nbsp; &nbsp; &nbsp; &nbsp; &nbsp; &nbsp; &nbsp; &nbsp; &nbsp; &nbsp; &nbsp; &nbsp; &nbsp;&nbsp;&nbsp;&#8230;&#8230;&#8230;&#8230; l&rsquo;aventure continue &nbsp;!!!!<\/p>\n\n\n\n<p>Voici la liste des albums cr\u00e9\u00e9s ou mis \u00e0 jour (227 photos) :<\/p>\n\n\n\n<p>&#8211;>\u00a0<a href=\"https:\/\/photos.app.goo.gl\/5oCq1Lr7Vi4ktKkn9\" target=\"_blank\" rel=\"noreferrer noopener\">les ma\u00e7onneries<\/a><small><em> <\/em><\/small><br>&#8211;>\u00a0<a href=\"https:\/\/photos.app.goo.gl\/BsKxayhxpvKqRwcX6\" target=\"_blank\" rel=\"noreferrer noopener\">les toitures<\/a><small><em>\u00a0<\/em><\/small> <br>&#8211;>\u00a0<a href=\"https:\/\/photos.app.goo.gl\/wks4CUAj5jbk8eno8\" target=\"_blank\" rel=\"noreferrer noopener\">les fen\u00eatres<\/a><a href=\"https:\/\/photos.app.goo.gl\/PkuCoJou5CWDNaPa7\" target=\"_blank\" rel=\"noreferrer noopener\">\u00a0<\/a><small><em>\u00a0<\/em><\/small><br>&#8211;>\u00a0<a href=\"https:\/\/photos.app.goo.gl\/AgAh6ferv36cRwW18\" target=\"_blank\" rel=\"noreferrer noopener\">l&rsquo;atelier<\/a><small><em>\u00a0<\/em><\/small><br>&#8211;>\u00a0<a href=\"https:\/\/photos.app.goo.gl\/wufLgMy2haXRQztm9\" target=\"_blank\" rel=\"noreferrer noopener\">la cuisine\u00a0<\/a>\u00a0\u00a0 \u00a0 \u00a0 \u00a0 \u00a0 \u00a0 \u00a0 \u00a0 \u00a0 \u00a0 \u00a0 \u00a0\u00a0<br>&#8211;>\u00a0<a href=\"https:\/\/photos.app.goo.gl\/QoFSHuDpdscFeHGZ7\" target=\"_blank\" rel=\"noreferrer noopener\">la salle \u00e0 manger<\/a>\u00a0\u00a0 \u00a0 \u00a0 \u00a0 \u00a0 \u00a0\u00a0\u00a0<br>&#8211;>\u00a0<a href=\"https:\/\/photos.app.goo.gl\/Fa4x5xwWGeWpNGs78\" target=\"_blank\" rel=\"noreferrer noopener\">le salon<\/a>\u00a0\u00a0 \u00a0 \u00a0 \u00a0 \u00a0 \u00a0 \u00a0 \u00a0 \u00a0 \u00a0 \u00a0 \u00a0 \u00a0 <br>&#8211;>\u00a0<a href=\"https:\/\/photos.app.goo.gl\/PkuCoJou5CWDNaPa7\" target=\"_blank\" rel=\"noreferrer noopener\">la buanderie<\/a>\u00a0\u00a0 \u00a0 \u00a0 \u00a0 \u00a0 \u00a0 \u00a0 \u00a0 \u00a0 \u00a0\u00a0<br>&#8211;>\u00a0<a href=\"https:\/\/photos.app.goo.gl\/UXYuJMNWMB3LniYJ2\" target=\"_blank\" rel=\"noreferrer noopener\">la circulation 1er \u00e9tage<\/a>\u00a0\u00a0 \u00a0<br>&#8211;>\u00a0<a href=\"https:\/\/photos.app.goo.gl\/iBekH97eTRkN7Fyj8\" target=\"_blank\" rel=\"noreferrer noopener\">la chambre de Phiphi\u00a0<\/a>\u00a0 \u00a0 \u00a0<br>&#8211;>\u00a0<a href=\"https:\/\/photos.app.goo.gl\/cmTuzpWdbY1baoCu9\">le chemin d&rsquo;acc\u00e8s\u00a0<\/a><br>&#8211;>\u00a0<a href=\"https:\/\/photos.app.goo.gl\/CTihVmtgWxV25aWc6\" target=\"_blank\" rel=\"noreferrer noopener\">l&rsquo;abattage du bouleau<\/a><br>&#8211;>\u00a0<a href=\"https:\/\/photos.app.goo.gl\/aYaYikSwZDRYDyTJ7\" target=\"_blank\" rel=\"noreferrer noopener\">le jardin 2019<\/a><small>\u00a0\u00a0 \u00a0<\/small><br>&#8211;>\u00a0<a href=\"https:\/\/photos.app.goo.gl\/nZnaDTvMwXPh3WNw6\" target=\"_blank\" rel=\"noreferrer noopener\">les moutons 2019<\/a><\/p>\n","protected":false},"excerpt":{"rendered":"<p>D\u00e9j\u00e0 7 mois depuis la derni\u00e8re mise \u00e0 jour&#8230;..le temps file&#8230;&#8230;.. Les ma\u00e7ons ont commenc\u00e9 d\u00e9but F\u00e9vrier pour finir&#8230;..fin Mai ! Entre Mars, Avril et Mai, il a fallu jongler et organiser en plus&nbsp;les interventions du couvreur et celui du poseur de fen\u00eatres :&nbsp; 3 entreprises aux calendriers et fonctionnement [&hellip;]<\/p>\n","protected":false},"author":1,"featured_media":0,"parent":240,"menu_order":0,"comment_status":"closed","ping_status":"closed","template":"","meta":{"_monsterinsights_skip_tracking":false,"_monsterinsights_sitenote_active":false,"_monsterinsights_sitenote_note":"","_monsterinsights_sitenote_category":0,"footnotes":""},"_links":{"self":[{"href":"https:\/\/vernizy.fr\/index.php?rest_route=\/wp\/v2\/pages\/327"}],"collection":[{"href":"https:\/\/vernizy.fr\/index.php?rest_route=\/wp\/v2\/pages"}],"about":[{"href":"https:\/\/vernizy.fr\/index.php?rest_route=\/wp\/v2\/types\/page"}],"author":[{"embeddable":true,"href":"https:\/\/vernizy.fr\/index.php?rest_route=\/wp\/v2\/users\/1"}],"replies":[{"embeddable":true,"href":"https:\/\/vernizy.fr\/index.php?rest_route=%2Fwp%2Fv2%2Fcomments&post=327"}],"version-history":[{"count":2,"href":"https:\/\/vernizy.fr\/index.php?rest_route=\/wp\/v2\/pages\/327\/revisions"}],"predecessor-version":[{"id":436,"href":"https:\/\/vernizy.fr\/index.php?rest_route=\/wp\/v2\/pages\/327\/revisions\/436"}],"up":[{"embeddable":true,"href":"https:\/\/vernizy.fr\/index.php?rest_route=\/wp\/v2\/pages\/240"}],"wp:attachment":[{"href":"https:\/\/vernizy.fr\/index.php?rest_route=%2Fwp%2Fv2%2Fmedia&parent=327"}],"curies":[{"name":"wp","href":"https:\/\/api.w.org\/{rel}","templated":true}]}}