{"id":405,"date":"2023-11-24T11:28:04","date_gmt":"2023-11-24T10:28:04","guid":{"rendered":"https:\/\/vernizy.fr\/?page_id=405"},"modified":"2023-11-24T11:49:17","modified_gmt":"2023-11-24T10:49:17","slug":"la-chambre-de-philippine","status":"publish","type":"page","link":"https:\/\/vernizy.fr\/?page_id=405","title":{"rendered":"La chambre de Philippine"},"content":{"rendered":"\n<figure class=\"wp-block-image size-full\"><img loading=\"lazy\" decoding=\"async\" width=\"503\" height=\"423\" src=\"https:\/\/vernizy.fr\/wp-content\/uploads\/2023\/11\/Chambre3-1.jpg\" alt=\"\" class=\"wp-image-431\" srcset=\"https:\/\/vernizy.fr\/wp-content\/uploads\/2023\/11\/Chambre3-1.jpg 503w, https:\/\/vernizy.fr\/wp-content\/uploads\/2023\/11\/Chambre3-1-300x252.jpg 300w\" sizes=\"(max-width: 503px) 100vw, 503px\" \/><\/figure>\n\n\n\n<p><\/p>\n\n\n\n<p><a target=\"_blank\" href=\"https:\/\/photos.app.goo.gl\/NFAU3RrkXxwq2kAX8\" rel=\"noreferrer noopener\">4 Nouveau plancher (2021)<\/a><\/p>\n\n\n\n<p><a href=\"https:\/\/photos.app.goo.gl\/VNGG9Kprwrj4KJuB8\">3 D\u00e9pose des enduits et parquets ; enduisage des murs, poutre et divers&#8230;<\/a><\/p>\n\n\n\n<p><a href=\"https:\/\/photos.app.goo.gl\/iBekH97eTRkN7Fyj8\" target=\"_blank\" rel=\"noreferrer noopener\">2 (2018-2019) : Percement porte Chambre\/SdB dans le conduit de chemin\u00e9e<\/a><br>(r\u00e9alis\u00e9 par les ma\u00e7ons)<\/p>\n\n\n\n<p><a target=\"_blank\" href=\"https:\/\/photos.app.goo.gl\/3WrDH8Vsc8XMT1AH2\" rel=\"noreferrer noopener\">1 (2017-2018) : D\u00e9pose de la cloison + conduit chemin\u00e9e<\/a><\/p>\n","protected":false},"excerpt":{"rendered":"<p>4 Nouveau plancher (2021) 3 D\u00e9pose des enduits et parquets ; enduisage des murs, poutre et divers&#8230; 2 (2018-2019) : Percement porte Chambre\/SdB dans le conduit de chemin\u00e9e(r\u00e9alis\u00e9 par les ma\u00e7ons) 1 (2017-2018) : D\u00e9pose de la cloison + conduit chemin\u00e9e<\/p>\n","protected":false},"author":1,"featured_media":429,"parent":269,"menu_order":0,"comment_status":"closed","ping_status":"closed","template":"","meta":{"_monsterinsights_skip_tracking":false,"_monsterinsights_sitenote_active":false,"_monsterinsights_sitenote_note":"","_monsterinsights_sitenote_category":0,"footnotes":""},"_links":{"self":[{"href":"https:\/\/vernizy.fr\/index.php?rest_route=\/wp\/v2\/pages\/405"}],"collection":[{"href":"https:\/\/vernizy.fr\/index.php?rest_route=\/wp\/v2\/pages"}],"about":[{"href":"https:\/\/vernizy.fr\/index.php?rest_route=\/wp\/v2\/types\/page"}],"author":[{"embeddable":true,"href":"https:\/\/vernizy.fr\/index.php?rest_route=\/wp\/v2\/users\/1"}],"replies":[{"embeddable":true,"href":"https:\/\/vernizy.fr\/index.php?rest_route=%2Fwp%2Fv2%2Fcomments&post=405"}],"version-history":[{"count":2,"href":"https:\/\/vernizy.fr\/index.php?rest_route=\/wp\/v2\/pages\/405\/revisions"}],"predecessor-version":[{"id":433,"href":"https:\/\/vernizy.fr\/index.php?rest_route=\/wp\/v2\/pages\/405\/revisions\/433"}],"up":[{"embeddable":true,"href":"https:\/\/vernizy.fr\/index.php?rest_route=\/wp\/v2\/pages\/269"}],"wp:featuredmedia":[{"embeddable":true,"href":"https:\/\/vernizy.fr\/index.php?rest_route=\/wp\/v2\/media\/429"}],"wp:attachment":[{"href":"https:\/\/vernizy.fr\/index.php?rest_route=%2Fwp%2Fv2%2Fmedia&parent=405"}],"curies":[{"name":"wp","href":"https:\/\/api.w.org\/{rel}","templated":true}]}}